 + 21. Let q(b) = -6*m(b) - 11*o(b). Let z be -25*5/(75/6). Is q(z) composite?
True
Suppose 0 = -4*m + 15 + 9. Is 195 - (2 - 0 - m) a composite number?
False
Let w = -124 + 124. Suppose 2*r - 2*m - 514 = w, -4*m = -5*r + 690 + 597. Is r composite?
True
Suppose -4*x - 15 + 23 = 0. Suppose 0 = 3*o + x*v - 7*v - 7499, -o + 2497 = -3*v. Is o a composite number?
False
Is 4/(196/6307) - (-8)/28 a composite number?
True
Suppose 0 = 4*s + 1 + 3. Let q = -20 - s. Let d = -10 - q. Is d a composite number?
True
Suppose 67*b + 632 = 71*b. Is b prime?
False
Let a = 12 + -24. Let d = 12 + a. Suppose d = 4*g - 1159 + 315. Is g a prime number?
True
Suppose 0 = -2*n - 4*m - 38, -98 + 27 = 5*n + 4*m. Let d(t) = -2*t - 22. Let a be d(n). Suppose -3*g - 153 + 582 = a. Is g a composite number?
True
Let i = 896 + 5. Is i a prime number?
False
Suppose 4*p = -0*p + 924. Suppose 105 + 337 = 2*z - 5*n, z - p = 5*n. Is z a prime number?
True
Suppose 3*c + 534 = 4*k - 2*c, -c = -5*k + 678. Let g = 185 + k. Is g a prime number?
False
Suppose 2344 = 2*r + 858. Is r a prime number?
True
Let i = 6213 - 3124. Is i a composite number?
False
Suppose 0 = -3*z - 5*t + 3152, -2*z - 2*t = 3*t - 2093. Let n = z - 614. Is n prime?
False
Let a(w) = -w**3 - 11*w**2 + 28*w + 30. Let d be a(-13). Is (885/60)/(1/d) a composite number?
False
Is (-12)/(-60) + (-6084)/(-5) composite?
False
Is (-33)/44*998788/(-21) composite?
False
Suppose -16*g - 702 = -19*g. Let c = g - -85. Is c a composite number?
True
Let v = 144 - 48. Let s = 158 - v. Is s prime?
False
Suppose 4*f - 68213 = w, 23*f = 18*f + w + 85267. Is f a composite number?
True
Suppose 35993 + 87028 = 3*c. Is c a prime number?
False
Let j = 10 - 9. Suppose 5*v - 16 = -j. Suppose -v*m - m = -1676. Is m a composite number?
False
Let p = 5200 - -2127. Is p composite?
True
Let k = -3 - 4. Let j(z) = 28*z**2 - 4*z - 1. Is j(k) a prime number?
True
Let x(p) = 1482*p**2 - 4*p - 1. Is x(-3) a composite number?
True
Suppose 10 + 2 = 3*h. Suppose 2*s - 3*a = 243 + 8, 5*s = -h*a + 639. Is s a composite number?
False
Suppose b + 14 - 16 = 0. Suppose -b*n = -x - x - 5926, -4*x + 2973 = n. Is n prime?
False
Let s be 8/(-12) - 18544/(-6). Suppose 0 = -5*x - x + s. Is x a prime number?
False
Suppose -11*q + 2465 = -901. Suppose 5*x + u = q, 3*x - 198 = -3*u + 6*u. Is x composite?
True
Suppose 8 = 2*z, -z - 7807 = -3*w - 5*z. Let c = 3958 - w. Is c a prime number?
True
Let s(i) = -i**3 - 11*i**2 - 27*i + 10. Let y be s(-7). Let t be (-1 - -1 - -1)*3. Suppose -4*p + y*n - 4*n = -48, -t*p + 55 = -4*n. Is p composite?
False
Let f be 4/(-20) + (-11)/(-5). Is -1*f*(-1309)/22 a prime number?
False
Is 9/(-144)*-8*27814 a composite number?
False
Let l be 72/(-32) - 2/(-8). Let m be 1/((-7)/l - 4). Is m*2*764/(-16) a composite number?
False
Let u = -745 + 1258. Suppose 3*k - 248 = 2*k. Let n = u - k. Is n composite?
True
Suppose -5*x + 28*l - 25*l + 39483 = 0, 0 = 4*x + 2*l - 31604. Is x a composite number?
True
Let x be (-34116)/15 + 2/5. Is (2/(-6))/(2/x) a prime number?
True
Let w = -48 - -49. Suppose j = -w, 3*z - 7*z + 5*j + 2541 = 0. Is z composite?
True
Suppose -2*t - 3*g + 2 = 0, -2*g = 3*g. Is (-371)/(-28)*(t + 19) composite?
True
Let o(m) = -2*m + 331. Let x(i) = -i - 2. Suppose -2*h + 6 = 4*c + c, h - c = -4. Let v be x(h). Is o(v) a prime number?
True
Let x(q) = 4 + q**2 - 1 - 2 - 2 + 81*q**3 + 4*q. Is x(2) a prime number?
True
Suppose -o = -x - 6, -3 = 2*o - 13. Is 1*(200 + x) - -4 a composite number?
True
Suppose -5*j - 5*m = -10*j + 15245, 12184 = 4*j + 2*m. Is j a composite number?
True
Let j = 1000 - 297. Let k = j - 258. Is k a composite number?
True
Let r(h) = 15*h + 5. Let a be r(7). Let b = 161 - a. Let z = b + -29. Is z a prime number?
False
Let z be (-6)/15*(-3 + 113). Let h = z + 131. Is h a composite number?
True
Suppose -1901 = -5*b + 2*d, 2*d - 141 = 4*b - 1661. Is b a prime number?
False
Let q = 642 + -457. Is q a prime number?
False
Let s(l) = 659*l**2 + 4*l - 3. Let d be s(3). Suppose 0 = -3*u + 696 + d. Suppose 5*f - f - u = 0. Is f a prime number?
False
Let z(x) = 2*x**3 - 2*x**2 + x - 5. Suppose 4*t - 6 = 10. Is z(t) a prime number?
False
Suppose -2*d + 5*d = 4*a + 24, 4*d - 29 = 5*a. Let v(i) = -i**2 - 13*i + 2. Let m be v(a). Suppose -w + 15 = -m. Is w a composite number?
False
Let v be -2*((-4)/(-5))/(4/(-10)). Suppose 3*a + 2*w = 963, 3*w + 643 = 2*a + v*w. Is a prime?
False
Let q(m) = 91*m + 4. Let i(d) = -86*d - 1. Let k(o) = 87*o + 2. Let t(l) = 3*i(l) + 4*k(l). Let f(r) = -3*q(r) + 2*t(r). Is f(-1) a composite number?
True
Let t(i) = -68*i**3 + 6*i**2 + 2*i - 4. Let u be t(-3). Let z = u - -935. Is z prime?
False
Suppose 2*x + x + 585 = 0. Let n = x - -464. Let b = n - -38. Is b prime?
True
Let n(d) = d**3 - 10*d + 6*d**2 - 9 - 10*d**2 + 18*d**2. Let i(c) = -c**3 - 15*c**2 + 11*c + 9. Let r(x) = -5*i(x) - 6*n(x). Is r(-10) prime?
True
Let r(v) = 66*v**2 - 17. Let p(y) = y**3 - 3*y**2 - 11*y + 22. Let j be p(4). Is r(j) a composite number?
True
Let p(a) = 2205*a**2 + 5*a + 3. Is p(-1) prime?
True
Let s = 2955 + 434. Is s composite?
False
Let w(n) be the third derivative of 47*n**6/40 - n**5/30 + n**3/6 + 13*n**2. Is w(2) a composite number?
True
Suppose -3*z - 2*r + 9209 = 0, 2069 = z + 5*r - 1018. Suppose -2*o = -3*u - 6149, o + 0*o - 4*u = z. Is o a prime number?
True
Let c(i) = i**2 + 6*i - 2. Let n be c(-5). Let b(r) = -r**2 - 9*r - 6. Let t be b(n). Is 186/4*t/6 composite?
True
Suppose -4*v + 5*h + 10 = 0, 0 = 5*v - h + 6*h - 35. Suppose -c + 2*c = 5*i + 1, -5*i + v*c = 5. Is 113 + (-1 + 1 - i) prime?
True
Let y be 14/1 + (-5 - -4). Let j = -7 + y. Suppose 4*p = b - 53, -5*p = -j*b + 2*b + 168. Is b prime?
True
Let n(s) = s**2 + 6. Let c be n(0). Suppose c*o - 485 = o. Is o composite?
False
Let f(h) = 2*h - 8. Let s be f(6). Suppose -3*u = s*u - 28. Is (-13079)/(-33) + u/6 a prime number?
True
Suppose -j + 2*k - 6*k = 4, j - 2*k = 8. Suppose 5*n = j*u - 13099, -3*n + 991 = 4*u - 12084. Is u prime?
True
Suppose -5*r = -5*g + 60, -3*g - 2*g = -4*r - 55. Suppose -2*l = -g*l + 410. Is l a composite number?
True
Let i(q) be the first derivative of 77*q**6/360 + q**5/60 + q**4/12 + 4*q**3 + 12. Let c(u) be the third derivative of i(u). Is c(-1) a prime number?
False
Suppose -35 = -6*b + b. Let v = -10 + b. Let h(z) = 37*z**2 - z + 1. Is h(v) a prime number?
True
Let c(p) = -704*p - 2. Let m(x) be the third derivative of 44*x**4/3 + x**3/6 - 4*x**2. Let o(t) = -3*c(t) - 5*m(t). Is o(1) a prime number?
True
Let c(t) = 6599*t - 80. Is c(3) prime?
True
Let f = 17 - 17. Suppose f = -5*m + 5*u + 625, -3*u + 95 = m - 46. Is m composite?
True
Let o be (0 - 6)*5/(-6). Let r = o - 5. Suppose 0 = -5*i, 2*i = 5*d - r*i - 530. Is d composite?
True
Suppose 3*k - 17 + 2 = 0, -3*k = -6*m + 69459. Is m composite?
False
Is 423262/42 + 4/3 a composite number?
False
Let b(q) = -5*q + 265. Let h(w) = -6*w + 265. Let a(n) = 5*b(n) - 4*h(n). Let o = 30 - 30. Is a(o) a composite number?
True
Let u = -1298 + -3066. Let o = u - -9283. Is o a composite number?
False
Suppose 268 = 5*k + 4*z, 0*k + 4*k - 5*z - 198 = 0. Suppose 3*p + k = -0*p + n, -5*n - 10 = 0. Is p/(-4)*(-306)/(-27) a prime number?
False
Is (-6)/(-14) + ((-519652)/(-98) - 10) composite?
True
Let t(d) = 4*d + 18. Let p be t(-6). Is (-7206)/(-4) - (-3)/p a composite number?
False
Is (7 - 3 - 1625)*(-12)/12 composite?
False
Suppose -53*k - 5258 = -51*k. Is (k/(-44))/((-2)/(-40)) a prime number?
False
Suppose 0 = -3*u - 0 - 12, u = -i + 1461. Is i a composite number?
True
Suppose 4*r - 37 = 5*g, g + 4*g - 3 = -r. Suppose -r*o = -5*o - 2874. Is o a prime number?
False
Suppose -641 = f - 3*t, 5*t + 20 = -0*t. Let y be 2/(-2) - 0 - f. Let b = y - 449. Is b a composite number?
True
Let k(r) = 21*r**2 + r + 5. Let n be (-6)/30 + -1 + (-42)/15. Is k(n) composite?
False
Suppose -54981 = -557*z + 548*z. Is z composite?
True
Let d be -174*(1*-2 + (-966)/18). Suppose -5*r = -3*r - 4*q - d, 3*r - 14584 = -5*q. Is r prime?
False
Let m(b) = -b - 1. Let u(j) = -148*j + 19. Let z(s) = 2*m(s) + u(s). Is z(-7) prime?
False
Let t = -65 + 36. Suppose n - k = 49, -4*n - 5*k = 42 - 256. Let g = n + t. Is g composite?
True
Let j(a) = -163*a + 330. Is j(-19) a composite number?
True
Let l = 1899 - -4360